{"id":167,"date":"2020-07-14T03:22:04","date_gmt":"2020-07-14T03:22:04","guid":{"rendered":"http:\/\/www.rogatchi.org\/?page_id=167"},"modified":"2020-12-21T09:52:22","modified_gmt":"2020-12-21T09:52:22","slug":"board","status":"publish","type":"page","link":"https:\/\/www.rogatchifoundation.org\/?page_id=167","title":{"rendered":"Board"},"content":{"rendered":"\n<div class=\"wp-block-media-text alignwide is-stacked-on-mobile is-style-tw-shadow\" style=\"grid-template-columns:29% auto\"><figure class=\"wp-block-media-text__media\"><img loading=\"lazy\" decoding=\"async\" width=\"736\" height=\"1024\" src=\"https:\/\/www.rogatchifoundation.org\/wp-content\/uploads\/2020\/09\/Michael-Rogatchi11-736x1024.jpg\" alt=\"\" class=\"wp-image-1193 size-full\" srcset=\"https:\/\/www.rogatchifoundation.org\/wp-content\/uploads\/2020\/09\/Michael-Rogatchi11-736x1024.jpg 736w, https:\/\/www.rogatchifoundation.org\/wp-content\/uploads\/2020\/09\/Michael-Rogatchi11-216x300.jpg 216w, https:\/\/www.rogatchifoundation.org\/wp-content\/uploads\/2020\/09\/Michael-Rogatchi11-768x1068.jpg 768w, https:\/\/www.rogatchifoundation.org\/wp-content\/uploads\/2020\/09\/Michael-Rogatchi11-1104x1536.jpg 1104w, https:\/\/www.rogatchifoundation.org\/wp-content\/uploads\/2020\/09\/Michael-Rogatchi11-1472x2048.jpg 1472w, https:\/\/www.rogatchifoundation.org\/wp-content\/uploads\/2020\/09\/Michael-Rogatchi11-1200x1669.jpg 1200w, https:\/\/www.rogatchifoundation.org\/wp-content\/uploads\/2020\/09\/Michael-Rogatchi11-1980x2754.jpg 1980w, https:\/\/www.rogatchifoundation.org\/wp-content\/uploads\/2020\/09\/Michael-Rogatchi11-scaled.jpg 1841w\" sizes=\"(max-width: 736px) 100vw, 736px\" \/><\/figure><div class=\"wp-block-media-text__content\">\n<p class=\"has-text-align-center has-large-font-size\"><strong><em>MICHAEL ROGATCHI&nbsp;&nbsp;&#8211;&nbsp;Chairman, world-renowned artist<\/em><\/strong><\/p>\n<\/div><\/div>\n\n\n\n<div class=\"wp-block-media-text alignwide is-stacked-on-mobile is-style-tw-shadow\" style=\"grid-template-columns:37% auto\"><figure class=\"wp-block-media-text__media\"><img loading=\"lazy\" decoding=\"async\" width=\"640\" height=\"396\" src=\"https:\/\/www.rogatchifoundation.org\/wp-content\/uploads\/2020\/09\/Inna-Rogatchi-11.jpg\" alt=\"\" class=\"wp-image-1203 size-full\" srcset=\"https:\/\/www.rogatchifoundation.org\/wp-content\/uploads\/2020\/09\/Inna-Rogatchi-11.jpg 640w, https:\/\/www.rogatchifoundation.org\/wp-content\/uploads\/2020\/09\/Inna-Rogatchi-11-300x186.jpg 300w\" sizes=\"(max-width: 640px) 100vw, 640px\" \/><\/figure><div class=\"wp-block-media-text__content\">\n<p class=\"has-text-align-center has-large-font-size\"><strong><em>INNA ROGATCHI &nbsp;&#8211;&nbsp;President, internationally acclaimed writer, scholar, film-maker and artist<\/em><\/strong><\/p>\n<\/div><\/div>\n\n\n\n<div class=\"wp-block-media-text alignwide is-stacked-on-mobile is-style-tw-shadow\" style=\"grid-template-columns:37% auto\"><figure class=\"wp-block-media-text__media\"><img loading=\"lazy\" decoding=\"async\" width=\"248\" height=\"204\" src=\"https:\/\/www.rogatchifoundation.org\/wp-content\/uploads\/2020\/09\/Jyrki-Iivonen.jpg\" alt=\"\" class=\"wp-image-1204 size-full\"\/><\/figure><div class=\"wp-block-media-text__content\">\n<p class=\"has-text-align-center has-large-font-size\"><strong><em>Dr JYRKI&nbsp;IIVONEN&nbsp;&#8211;&nbsp;writer and historian, long-term head, Department of Information, Ministry of Defence, Finland<\/em><\/strong><\/p>\n<\/div><\/div>\n\n\n\n<div class=\"wp-block-media-text alignwide is-stacked-on-mobile is-style-tw-shadow\" style=\"grid-template-columns:37% auto\"><figure class=\"wp-block-media-text__media\"><img loading=\"lazy\" decoding=\"async\" width=\"466\" height=\"363\" src=\"https:\/\/www.rogatchifoundation.org\/wp-content\/uploads\/2020\/09\/Hannu-Takkula.jpg\" alt=\"\" class=\"wp-image-1206 size-full\" srcset=\"https:\/\/www.rogatchifoundation.org\/wp-content\/uploads\/2020\/09\/Hannu-Takkula.jpg 466w, https:\/\/www.rogatchifoundation.org\/wp-content\/uploads\/2020\/09\/Hannu-Takkula-300x234.jpg 300w\" sizes=\"(max-width: 466px) 100vw, 466px\" \/><\/figure><div class=\"wp-block-media-text__content\">\n<p class=\"has-text-align-center has-large-font-size\"><strong><em>Dr HANNU TAKKULA<\/em><\/strong>&nbsp;&#8211;&nbsp;<strong><em>leading European politician, Member of the European Court of Auditors<\/em><\/strong><\/p>\n<\/div><\/div>\n\n\n\n<div class=\"wp-block-media-text alignwide is-stacked-on-mobile is-style-tw-shadow\" style=\"grid-template-columns:33% auto\"><figure class=\"wp-block-media-text__media\"><img loading=\"lazy\" decoding=\"async\" width=\"194\" height=\"260\" src=\"https:\/\/www.rogatchifoundation.org\/wp-content\/uploads\/2020\/09\/Jaana-Shelby.png\" alt=\"\" class=\"wp-image-1207 size-full\"\/><\/figure><div class=\"wp-block-media-text__content\">\n<p class=\"has-text-align-center has-large-font-size\"><strong><em>JAANA SHELBY&nbsp;<\/em>&nbsp;<em>&#8211;&nbsp;well-known philanthropist, the Foundation Secretary&nbsp;<\/em><\/strong><\/p>\n<\/div><\/div>\n\n\n\n<h4 class=\"wp-block-heading\"><strong>FORMER MEMBERS OF THE BOARD:&nbsp;&nbsp;<\/strong><\/h4>\n\n\n\n<p><strong>Rogatchi Foundation Board and International Advisory Board members and many of our international partners would like to express our all&#8217; deep gratitude to our veteran members of the Board and active members of the Foundation, outstanding Finnish and international figures who generously gave fifteen years of their great experience and knowledge to&nbsp; the Foundation activities:&nbsp;<\/strong><\/p>\n\n\n\n<div class=\"wp-block-media-text alignwide is-stacked-on-mobile is-style-tw-shadow\" style=\"grid-template-columns:30% auto\"><figure class=\"wp-block-media-text__media\"><img loading=\"lazy\" decoding=\"async\" width=\"329\" height=\"409\" src=\"https:\/\/www.rogatchifoundation.org\/wp-content\/uploads\/2020\/09\/prof.-carl-ohman.jpg\" alt=\"\" class=\"wp-image-1210 size-full\" srcset=\"https:\/\/www.rogatchifoundation.org\/wp-content\/uploads\/2020\/09\/prof.-carl-ohman.jpg 329w, https:\/\/www.rogatchifoundation.org\/wp-content\/uploads\/2020\/09\/prof.-carl-ohman-241x300.jpg 241w\" sizes=\"(max-width: 329px) 100vw, 329px\" \/><\/figure><div class=\"wp-block-media-text__content\">\n<p class=\"has-text-align-center has-large-font-size\"><strong>Prof. CARL \u00d6HMAN &#8211;&nbsp;<em>legendary European culture person, former Chairman, Cultural Union, Finland<\/em><\/strong><\/p>\n<\/div><\/div>\n\n\n\n<div class=\"wp-block-media-text alignwide is-stacked-on-mobile is-style-tw-shadow\" style=\"grid-template-columns:30% auto\"><figure class=\"wp-block-media-text__media\"><img loading=\"lazy\" decoding=\"async\" width=\"808\" height=\"1024\" src=\"https:\/\/www.rogatchifoundation.org\/wp-content\/uploads\/2020\/09\/Pirkko-Tyolajarvi-808x1024.jpg\" alt=\"\" class=\"wp-image-1211 size-full\" srcset=\"https:\/\/www.rogatchifoundation.org\/wp-content\/uploads\/2020\/09\/Pirkko-Tyolajarvi-808x1024.jpg 808w, https:\/\/www.rogatchifoundation.org\/wp-content\/uploads\/2020\/09\/Pirkko-Tyolajarvi-237x300.jpg 237w, https:\/\/www.rogatchifoundation.org\/wp-content\/uploads\/2020\/09\/Pirkko-Tyolajarvi-768x974.jpg 768w, https:\/\/www.rogatchifoundation.org\/wp-content\/uploads\/2020\/09\/Pirkko-Tyolajarvi-1211x1536.jpg 1211w, https:\/\/www.rogatchifoundation.org\/wp-content\/uploads\/2020\/09\/Pirkko-Tyolajarvi-1200x1522.jpg 1200w, https:\/\/www.rogatchifoundation.org\/wp-content\/uploads\/2020\/09\/Pirkko-Tyolajarvi.jpg 1563w\" sizes=\"(max-width: 808px) 100vw, 808px\" \/><\/figure><div class=\"wp-block-media-text__content\">\n<p class=\"has-text-align-center has-large-font-size\"><strong>DR. EMERITUS PIRKKO TY\u00d6L\u00c4J\u00c4RVI &#8211;&nbsp;<em>leading politician and public figure, former long-term governor, minister, MP, Finland<\/em><\/strong><\/p>\n<\/div><\/div>\n\n\n\n<div class=\"wp-block-media-text alignwide is-stacked-on-mobile is-style-tw-shadow\" style=\"grid-template-columns:30% auto\"><figure class=\"wp-block-media-text__media\"><img loading=\"lazy\" decoding=\"async\" width=\"200\" height=\"136\" src=\"https:\/\/www.rogatchifoundation.org\/wp-content\/uploads\/2020\/09\/matti-oksala.png\" alt=\"\" class=\"wp-image-1212 size-full\"\/><\/figure><div class=\"wp-block-media-text__content\">\n<p class=\"has-text-align-center has-large-font-size\"><strong>MATTI OKSALA &#8211;&nbsp;<em>leading attorney, the Foundation Attorney<\/em><\/strong><\/p>\n<\/div><\/div>\n\n\n\n<div class=\"wp-block-media-text alignwide is-stacked-on-mobile is-style-tw-shadow\" style=\"grid-template-columns:30% auto\"><figure class=\"wp-block-media-text__media\"><img loading=\"lazy\" decoding=\"async\" width=\"627\" height=\"737\" src=\"https:\/\/www.rogatchifoundation.org\/wp-content\/uploads\/2020\/09\/Marja-Holvitie.jpg\" alt=\"\" class=\"wp-image-1214 size-full\" srcset=\"https:\/\/www.rogatchifoundation.org\/wp-content\/uploads\/2020\/09\/Marja-Holvitie.jpg 627w, https:\/\/www.rogatchifoundation.org\/wp-content\/uploads\/2020\/09\/Marja-Holvitie-255x300.jpg 255w\" sizes=\"(max-width: 627px) 100vw, 627px\" \/><\/figure><div class=\"wp-block-media-text__content\">\n<p class=\"has-text-align-center has-large-font-size\"><strong>MARJA HOLVITIE &nbsp;&#8211; &nbsp;<em>well-known public figure, former Chair, Union of Teachers, the Foundation Auditor<\/em><\/strong><\/p>\n<\/div><\/div>\n","protected":false},"excerpt":{"rendered":"<p>MICHAEL ROGATCHI&nbsp;&nbsp;&#8211;&nbsp;Chairman, world-renowned artist INNA ROGATCHI &nbsp;&#8211;&nbsp;President, internationally acclaimed writer, scholar, film-maker and artist Dr JYRKI&nbsp;IIVONEN&nbsp;&#8211;&nbsp;writer and historian, long-term head, Department of Information, Ministry of Defence, Finland Dr HANNU TAKKULA&nbsp;&#8211;&nbsp;leading European politician, Member of the European Court of Auditors JAANA SHELBY&nbsp;&nbsp;&#8211;&nbsp;well-known philanthropist, the Foundation Secretary&nbsp; FORMER MEMBERS OF THE BOARD:&nbsp;&nbsp; Rogatchi Foundation Board and International&hellip;<\/p>\n","protected":false},"author":1,"featured_media":0,"parent":0,"menu_order":0,"comment_status":"closed","ping_status":"closed","template":"","meta":{"footnotes":""},"class_list":["post-167","page","type-page","status-publish","hentry"],"_links":{"self":[{"href":"https:\/\/www.rogatchifoundation.org\/index.php?rest_route=\/wp\/v2\/pages\/167"}],"collection":[{"href":"https:\/\/www.rogatchifoundation.org\/index.php?rest_route=\/wp\/v2\/pages"}],"about":[{"href":"https:\/\/www.rogatchifoundation.org\/index.php?rest_route=\/wp\/v2\/types\/page"}],"author":[{"embeddable":true,"href":"https:\/\/www.rogatchifoundation.org\/index.php?rest_route=\/wp\/v2\/users\/1"}],"replies":[{"embeddable":true,"href":"https:\/\/www.rogatchifoundation.org\/index.php?rest_route=%2Fwp%2Fv2%2Fcomments&post=167"}],"version-history":[{"count":8,"href":"https:\/\/www.rogatchifoundation.org\/index.php?rest_route=\/wp\/v2\/pages\/167\/revisions"}],"predecessor-version":[{"id":1321,"href":"https:\/\/www.rogatchifoundation.org\/index.php?rest_route=\/wp\/v2\/pages\/167\/revisions\/1321"}],"wp:attachment":[{"href":"https:\/\/www.rogatchifoundation.org\/index.php?rest_route=%2Fwp%2Fv2%2Fmedia&parent=167"}],"curies":[{"name":"wp","href":"https:\/\/api.w.org\/{rel}","templated":true}]}}